42. Is i a composite number?
True
Suppose 19*g = 1902028 + 888445. Is g a prime number?
False
Let i = 28529 - 8584. Is i composite?
True
Suppose 7*s - 2*s - 20 = 0. Suppose 1001 = s*g + 3*v - 2*v, 0 = -2*g + 2*v + 508. Is g prime?
True
Let w = 10234 - -1069. Is w a prime number?
False
Suppose -8*k - 5817 = -11*k. Is k prime?
False
Let p(l) = -204*l + 23. Is p(-6) a prime number?
False
Suppose 0 = 5*x - x + 3860. Let j = 1018 - x. Is j prime?
False
Let s be 233/(-2)*(-2 + 3 + -39). Suppose -10*i - s = -36777. Is i a composite number?
True
Suppose -5*a - z = -583328, -5*a + 15*z - 12*z = -583316. Is a composite?
True
Let i(z) = z + 77. Let v be (-40)/(-16)*(6 - 0). Suppose -2*w - 6 = -5*w - 2*o, 5*o = 5*w + v. Is i(w) prime?
False
Suppose 0 = 15*u - 21*u + 20982. Is u composite?
True
Let u = -3430 - -6819. Is u a prime number?
True
Let k(o) = -2*o**2 - 9*o - 5. Let s be k(-7). Let v be (152/(-10))/(8/s). Is v*(2 - 9/12) composite?
True
Let o = 4070 + -841. Is o a composite number?
False
Suppose -b + 641 + 268 = 5*j, 5*b + 3*j - 4501 = 0. Is b a prime number?
False
Let t(x) = -x**2 - 130*x + 82. Is t(-43) a composite number?
False
Let l(f) = 86*f**2 + 15*f - 22. Is l(-29) composite?
True
Suppose -437 = 3*l - 1631. Let b = l - 265. Is b composite?
True
Is 2/6*-6 - 8575/(-1) composite?
False
Suppose -1 + 11 = 2*p - 4*c, -8 = 2*p + 2*c. Let r = p + 3. Suppose r*k + k - 477 = -3*n, k - 2 = 0. Is n prime?
True
Let l be 1 - (2 - (2844 + -2)). Suppose -5*f + 3*n + 3540 = -2*n, -n - l = -4*f. Suppose 6*t - t = -2*i + 493, 3*i - 2*t - f = 0. Is i a prime number?
True
Suppose 1266 = 41*q - 40*q. Let k = 2155 - q. Is k a prime number?
False
Let r(b) = -449*b + 16. Is r(-2) a composite number?
True
Let b(s) = 8*s + 115. Is b(12) a composite number?
False
Let n = 37 - 24. Let g = 7 - n. Is 108 - (-9)/g*-2 a prime number?
False
Suppose -11*i + 90 = -16*i. Let j = -16 - i. Is (500 + 2)/j - 0 prime?
True
Let d = 9863 - 5752. Is d a composite number?
False
Suppose 0 = -3*j - 136 - 92. Let t = j + 18. Is (25/2)/(-5)*t a composite number?
True
Let u(z) = 0 + 2 - 2*z - 5*z. Let s be (-34)/34*9/1. Is u(s) a prime number?
False
Suppose -n + 0*n = -3*v + 135, 2*v - 98 = -2*n. Suppose 3*u + 2*u + 250 = 5*h, -h + v = 3*u. Is h composite?
True
Is (-7 + 2)*26*9385/(-50) a composite number?
True
Suppose -7*l + 2*l + 16 = -n, 3*n = 3*l. Is 4/(l*-4)*-844 composite?
False
Let j(r) = 11*r**3 - 2*r**2 - 5*r - 6. Let t be j(-3). Let g = -103 - t. Is g composite?
True
Suppose 0*x = -x + 12. Suppose 0 = -x*p + 4*p + 5432. Is p a prime number?
False
Let v = 7 + -4. Let o(d) = d**3 - 3*d**2 + d - 2. Let b be o(v). Is (-2)/(b/(-307)*2) composite?
False
Let l = 83 + -202. Let b = 527 - l. Is b/51 - (-1)/3 a composite number?
False
Suppose -2*k - 2*q = -5634, -3*k + 6503 + 1956 = 5*q. Is k a prime number?
False
Let q be 3/((-12)/16) - -61. Suppose -q = 43*t - 40*t. Let m = t - -56. Is m a prime number?
True
Let t be (2 - -175)/(4 - 502/124). Is 10/35 - (-20)/28 - t prime?
True
Is (-4)/26 - 5/(-65)*129573 composite?
False
Let a = -31 - -36. Suppose -5*z = 3*y - 10*z - 2777, 0 = 3*y + a*z - 2737. Is y a composite number?
False
Let g be ((-8)/10)/(2/(-25)). Suppose -q = -3*q + g. Suppose 162 + 1373 = q*c. Is c a prime number?
True
Suppose 0 = 4*r + 5*f - 6, -f = -2*r + 2*f + 14. Suppose -2*n - r*v = -2130, -3*n - 3*v = v - 3185. Is n a composite number?
True
Let g = 9 - 14. Is 446*g/(-20)*10 prime?
False
Let i = 0 - -4. Suppose -2*x = -i*x + 1526. Is x composite?
True
Let r = 97 - -84. Suppose 3*o + 5*z - 548 = 10*z, 0 = o - 2*z - r. Is o a composite number?
False
Let g(v) = 12*v**2 + 16*v + 29. Is g(-18) prime?
False
Let n(g) = -g**2 - 6*g + 5. Suppose -5*y - 27 = 3. Let h be n(y). Suppose -186 = -p + h. Is p a composite number?
False
Suppose 24*s + 28961 = 25*s. Is s prime?
True
Let v(i) = -i**3 - i**2 - 4*i + 20593. Is v(0) prime?
True
Let h be (-10)/55 + 218/(-11). Let x be h*((-1)/(-2) + -1). Let w = x - -9. Is w prime?
True
Let d(s) = s**2 - 4*s - 14. Let n be d(6). Is 1/(-4)*(n - 3866) a prime number?
True
Let b(p) = -p**2 - 11*p - 2. Let z be b(-11). Is z/12 + (-28348)/(-24) composite?
False
Let l(p) = 67*p**2 + 37*p - 47. Is l(14) a composite number?
True
Let i(b) = -30*b - 5. Let x be i(-6). Suppose 418 - x = 3*q. Suppose -49 = -2*o + q. Is o a prime number?
False
Suppose -4*p = -7*v + 4*v + 9683, 0 = 4*v - 2*p - 12894. Is v a composite number?
False
Suppose -s = m - 4099 + 938, -3*s + 3161 = m. Is m a prime number?
False
Let a(q) = -483*q - 21. Let p be a(-6). Is p/9 + (-2)/3 prime?
False
Let y be -1 + 1 + (735 - 0). Let g = y - 489. Suppose -4*k = -4*d + 492, 2*d + 0*k = 4*k + g. Is d a prime number?
False
Let y = 0 + 0. Suppose -2*a - 3*r = -508 - 16, -r = y. Suppose -5*t = -a - 313. Is t composite?
True
Suppose -4*s = -5*s + 4. Let r be -6 + (3 - 4/s). Is 52/6*(-6)/r composite?
False
Suppose 116 = q + 3*l, 3*l + 45 = q - 53. Let t = q - 24. Is t prime?
True
Suppose 2*m + 400 = -3*m. Suppose 3*u + v = -71, 5*u - 4*v = -60 - 30. Let o = u - m. Is o prime?
False
Let d = -809 + 219. Let z = d - -1221. Is z a composite number?
False
Suppose 3*g + 2*s - 64017 = 5*s, 0 = -s + 2. Is g prime?
True
Suppose 5*w - 23484 + 4247 = -p, -3*p + 57711 = -5*w. Is p a composite number?
False
Let d(t) = 15*t**3 + t**2 - 5*t - 35. Let s(w) = -8*w**3 + 3*w + 18. Let v(n) = -6*d(n) - 11*s(n). Is v(-5) composite?
False
Suppose 0 = 4*v - 55 - 33. Suppose -v*f - 1298 = -24*f. Is f prime?
False
Let a(p) = -49*p**3 - 7*p**2 - p - 4. Is a(-3) a composite number?
False
Let z(b) = -2866*b**3 - 2*b**2 - 23*b + 16. Is z(-3) a prime number?
False
Suppose -22*g + 45494 - 5212 = 0. Is g prime?
True
Let n(b) = -2*b**3 + 5*b**2 - 4*b - 15. Is n(-16) a prime number?
True
Let p be 17/7 + -2 - (-31)/(-7). Let d(t) = 5*t**2 - t + 1. Is d(p) a composite number?
True
Suppose -25 + 26 = -s. Is (0 + -11 - -7) + 1334 + s prime?
False
Let d = -42719 + 113208. Is d prime?
True
Suppose 38 = 3*l - 43. Suppose -220 = l*b - 31*b. Is b composite?
True
Let n(g) be the second derivative of -g**5/20 - g**4/12 + 4*g**3/3 + 9*g. Let w(y) be the second derivative of n(y). Is w(-4) composite?
True
Let l be 10/4*(-20)/(-25). Suppose 2*i = 3*b + 1272, -4*b = l*i - 852 - 406. Is i a prime number?
False
Let w(m) be the first derivative of 20*m**3/3 - m**2/2 - 12*m - 10. Is w(-5) composite?
True
Let d(v) = 3*v + 6. Let m be d(-6). Let n = m + 16. Is -326*(-1)/n*4 a composite number?
True
Let p(f) = 25*f**2 - 8*f + 25. Suppose 0 = w + 2*w - 24. Is p(w) composite?
True
Let f(n) be the third derivative of 149*n**7/2520 - n**6/240 - 2*n**5/15 - 3*n**2. Let j(k) be the third derivative of f(k). Is j(2) a composite number?
False
Let k be (-12)/21*14/(-4). Let g be 11/((4/66)/k). Suppose 2*j = r - g, -j = r + j - 379. Is r composite?
True
Let x(h) = 1084*h - 339. Is x(20) a composite number?
False
Let b(m) = 910*m**2 - 10*m - 17. Is b(-2) a prime number?
True
Suppose -10*v + 4054 = -39716. Is v a prime number?
False
Let x(t) = 20575*t**2 - 4*t + 2. Is x(1) prime?
False
Let m = 17 + -13. Suppose -2*z + 6*z - 807 = d, m*z - 5*d = 787. Is z a composite number?
True
Let y(c) = -c**3 + 14*c**2 - 9*c + 5. Is y(5) a composite number?
True
Suppose 5*x - l = 27500, -4*x + l + 4892 = -17107. Is x composite?
False
Let t = -2 - -10. Suppose t*b - 480 = 232. Is b composite?
False
Let u be (-5)/15 - (-2 + 10/6). Suppose -3*s - 409 = -2*v, v - 202 = -u*v - s. Is v a composite number?
True
Let u(x) = x**2 - 8*x - 4. Let s be u(8). Is 4/(-6)*(-6)/s*-13 composite?
False
Is (7/(-21))/((-4)/157116) prime?
True
Suppose -8*i = 40*i - 85296. Is i prime?
True
Suppose 3*h + 16 = -4*k, -2*h + 13 = 5. Let y be k + 8 + 0 + 508. Suppose 0*t + 630 = 5*t + 5*g, 4*t + 5*g = y. Is t composite?
True
Let v(r) = r + 31. Let o be v(-8). Is (o/2)/((-3)/(-42)) a composite number?
True
Let j(d) = 16*d**2 - 2*d + 5. Let i(x) = 17*x**2 - 3*x + 7. Let k(z) = -3*i(z) + 4*j(z). Suppose -8 = -3*o - o. Is k(o) a prime number?
True
Let q(g) = g**3 - 3*g**2 + 3*g - 4. Let p be q(3). Suppose w = -p*r + 18, 4*w - 4 - 8 = -5*r. Suppose 1011 = r*o + 159. Is o composite?
True
Suppose 2*v + 3*v - 15 = 0. Suppose 5*x - 1 = o, 2*o = v*o - 4*x. Suppose -5*y + r + 428 = 0, y - o*y = 4*r - 243. Is y pr